actors of 12815?
5, 11, 233
List the prime factors of 2758.
2, 7, 197
List the prime factors of 7188.
2, 3, 599
List the prime factors of 73886.
2, 36943
What are the prime factors of 4671?
3, 173
List the prime factors of 8508.
2, 3, 709
List the prime factors of 39373.
39373
What are the prime factors of 32234?
2, 71, 227
What are the prime factors of 3911?
3911
List the prime factors of 2816.
2, 11
What are the prime factors of 906?
2, 3, 151
What are the prime factors of 49248?
2, 3, 19
List the prime factors of 4489.
67
What are the prime factors of 31040?
2, 5, 97
List the prime factors of 8142.
2, 3, 23, 59
List the prime factors of 68842.
2, 34421
List the prime factors of 7689.
3, 11, 233
List the prime factors of 6952.
2, 11, 79
What are the prime factors of 101910?
2, 3, 5, 43, 79
What are the prime factors of 61501?
11, 5591
List the prime factors of 1507.
11, 137
What are the prime factors of 843?
3, 281
What are the prime factors of 1431?
3, 53
What are the prime factors of 10665?
3, 5, 79
List the prime factors of 1585.
5, 317
What are the prime factors of 20690?
2, 5, 2069
List the prime factors of 2218.
2, 1109
What are the prime factors of 625?
5
What are the prime factors of 633?
3, 211
What are the prime factors of 1078?
2, 7, 11
What are the prime factors of 694?
2, 347
What are the prime factors of 5940?
2, 3, 5, 11
List the prime factors of 3191.
3191
List the prime factors of 67795.
5, 7, 13, 149
List the prime factors of 2257.
37, 61
List the prime factors of 3213.
3, 7, 17
What are the prime factors of 14778?
2, 3, 821
What are the prime factors of 29181?
3, 71, 137
List the prime factors of 1611.
3, 179
List the prime factors of 2578.
2, 1289
What are the prime factors of 35752?
2, 41, 109
List the prime factors of 864.
2, 3
What are the prime factors of 22987?
127, 181
What are the prime factors of 25700?
2, 5, 257
What are the prime factors of 16489?
11, 1499
List the prime factors of 2217.
3, 739
List the prime factors of 516.
2, 3, 43
List the prime factors of 18051.
3, 11, 547
What are the prime factors of 3804?
2, 3, 317
What are the prime factors of 37959?
3, 12653
List the prime factors of 130030.
2, 5, 13003
List the prime factors of 36154.
2, 18077
List the prime factors of 67552.
2, 2111
What are the prime factors of 766?
2, 383
What are the prime factors of 335?
5, 67
List the prime factors of 39866.
2, 31, 643
List the prime factors of 1884.
2, 3, 157
What are the prime factors of 6349?
7, 907
What are the prime factors of 7647?
3, 2549
List the prime factors of 12360.
2, 3, 5, 103
What are the prime factors of 13921?
13921
List the prime factors of 1039.
1039
List the prime factors of 595.
5, 7, 17
List the prime factors of 1806.
2, 3, 7, 43
List the prime factors of 441.
3, 7
List the prime factors of 3298.
2, 17, 97
What are the prime factors of 15176?
2, 7, 271
List the prime factors of 24048.
2, 3, 167
List the prime factors of 79737.
3, 7, 3797
What are the prime factors of 36492?
2, 3, 3041
List the prime factors of 629.
17, 37
List the prime factors of 1383.
3, 461
What are the prime factors of 55482?
2, 3, 7, 1321
What are the prime factors of 1061?
1061
List the prime factors of 15953.
7, 43, 53
List the prime factors of 631.
631
List the prime factors of 2255.
5, 11, 41
What are the prime factors of 274?
2, 137
List the prime factors of 47596.
2, 73, 163
What are the prime factors of 19009?
19009
List the prime factors of 3622.
2, 1811
What are the prime factors of 98919?
3, 29, 379
List the prime factors of 20389.
20389
List the prime factors of 6022.
2, 3011
What are the prime factors of 18388?
2, 4597
List the prime factors of 1571.
1571
What are the prime factors of 95242?
2, 7, 6803
What are the prime factors of 457?
457
List the prime factors of 915.
3, 5, 61
List the prime factors of 24001.
24001
List the prime factors of 7119.
3, 7, 113
What are the prime factors of 29886?
2, 3, 17, 293
What are the prime factors of 14318?
2, 7159
What are the prime factors of 4062?
2, 3, 677
What are the prime factors of 1762?
2, 881
What are the prime factors of 57525?
3, 5, 13, 59
What are the prime factors of 14510?
2, 5, 1451
List the prime factors of 5323.
5323
What are the prime factors of 233?
233
What are the prime factors of 1649?
17, 97
What are the prime factors of 9366?
2, 3, 7, 223
What are the prime factors of 11783?
11783
What are the prime factors of 834?
2, 3, 139
List the prime factors of 11571.
3, 7, 19, 29
What are the prime factors of 11637?
3, 431
What are the prime factors of 2096?
2, 131
List the prime factors of 1319.
1319
List the prime factors of 846.
2, 3, 47
What are the prime factors of 236?
2, 59
List the prime factors of 22323.
3, 7, 1063
What are the prime factors of 23937?
3, 79, 101
What are the prime factors of 3041?
3041
List the prime factors of 12826.
2, 11, 53
List the prime factors of 8588.
2, 19, 113
What are the prime factors of 3465?
3, 5, 7, 11
What are the prime factors of 10114?
2, 13, 389
What are the prime factors of 2817?
3, 313
List the prime factors of 49836.
2, 3, 4153
What are the prime factors of 95164?
2, 37, 643
List the prime factors of 17067.
3, 5689
What are the prime factors of 439?
439
List the prime factors of 5340.
2, 3, 5, 89
List the prime factors of 2049.
3, 683
What are the prime factors of 2415?
3, 5, 7, 23
List the prime factors of 1315.
5, 263
What are the prime factors of 54015?
3, 5, 13, 277
List the prime factors of 744.
2, 3, 31
What are the prime factors of 425?
5, 17
What are the prime factors of 152558?
2, 7, 17, 641
What are the prime factors of 39429?
3, 13, 337
List the prime factors of 33857.
33857
List the prime factors of 91366.
2, 11, 4153
List the prime factors of 42338.
2, 21169
List the prime factors of 3868.
2, 967
List the prime factors of 26354.
2, 13177
What are the prime factors of 31117?
29, 37
List the prime factors of 16336.
2, 1021
List the prime factors of 6705.
3, 5, 149
List the prime factors of 22827.
3, 7, 1087
What are the prime factors of 3778?
2, 1889
What are the prime factors of 4056?
2, 3, 13
What are the prime factors of 23726?
2, 11863
What are the prime factors of 21700?
2, 5, 7, 31
What are the prime factors of 968?
2, 11
What are the prime factors of 2281?
2281
What are the prime factors of 2147?
19, 113
What are the prime factors of 362?
2, 181
List the prime factors of 11945.
5, 2389
What are the prime factors of 972?
2, 3
List the prime factors of 2996.
2, 7, 107
What are the prime factors of 4967?
4967
List the prime factors of 114235.
5, 11, 31, 67
What are the prime factors of 1474?
2, 11, 67
List the prime factors of 1671.
3, 557
List the prime factors of 16143.
3, 5381
List the prime factors of 22861.
22861
List the prime factors of 728.
2, 7, 13
What are the prime factors of 504?
2, 3, 7
What are the prime factors of 802?
2, 401
What are the prime factors of 1292?
2, 17, 19
List the prime factors of 16983.
3, 17, 37
What are the prime factors of 4770?
2, 3, 5, 53
List the prime factors of 5992.
2, 7, 107
List the prime factors of 6271.
6271
List the prime factors of 19508.
2, 4877
List the prime factors of 3783.
3, 13, 97
List the prime factors of 1306.
2, 653
List the prime factors of 20631.
3, 13, 23
What are the prime factors of 2447?
2447
List the prime factors of 2685.
3, 5, 179
List the prime factors of 564.
2, 3, 47
What are the prime factors of 6083?
7, 11, 79
What are the prime factors of 33056?
2, 1033
List the prime factors of 31933.
11, 2903
List the prime factors of 16253.
16253
What are the prime factors of 146?
2, 73
List the prime factors of 4419.
3, 491
What are the prime factors of 1379?
7, 197
List the prime factors of 2313.
3, 257
List the prime factors of 296.
2, 37
What are the prime factors of 29023?
29023
List the prime factors of 24597.
3, 911
List the prime factors of 262.
2, 131
What are the prime factors of 10803?
3, 13, 277
What are the prime factors of 34381?
34381
What are the prime factors of 78587?
89, 883
List the prime factors of 30.
2, 3, 5
List the prime factors of 2044.
2, 7, 73
What are the prime factors of 2222?
2, 11, 101
List the prime factors of 27193.
71, 383
List the prime factors of 6611.
11, 601
List the prime factors of 8212.
2, 